ose -11738973 = -393*j + 66*j. What is the hundreds digit of j?
8
Let d(p) = 2*p**2 + 76*p + 294. What is the units digit of d(44)?
0
Suppose u + 257*h - 34753 = 252*h, 104277 = 3*u - 3*h. What is the ten thousands digit of u?
3
Let z(i) = 225*i**2 - i + 3. Suppose -9*n + 8*n - 4 = -p, 0 = 3*p - 2*n - 9. What is the units digit of z(p)?
7
Let c(g) = g**3 + 13*g**2 - 5*g + 13. Let t be c(-13). Let p = -54 + 14. Let l = t + p. What is the units digit of l?
8
Suppose 3*k - 66 = 3*c - 483, 3*c - 407 = 5*k. What is the hundreds digit of (2112/c)/(1/15)?
2
Suppose -108 = 4*h - 5*g, 5*h + 0*g + 114 = g. Let m = 27 + h. Suppose 4*t - 2*i = 332, -m*i + 94 = 4*t - 3*t. What is the units digit of t?
4
Suppose -4*u - 1561815 = 5*u. What is the hundreds digit of u/(-105) - 6/(-21)?
6
Let a = 72 - 74. What is the units digit of (a + 32)/6 - -523?
8
Let m = -109 - -59. Let t be (2/(-2) - -3) + 25. Let r = t - m. What is the tens digit of r?
7
Let c = 18 + -16. Suppose -8 = -n - c. What is the tens digit of 51/34*112/n?
2
Let q(m) = -21*m + 1. Let f(p) = -p**2 + 3*p + 2. Let y be (6/(-8))/1 - (-247)/52. Let o be f(y). What is the tens digit of q(o)?
4
Let q(z) = -z**2 - 40*z - 35. Let n be q(-39). Let i = -51 + 51. What is the hundreds digit of n - (-252 - (2 + i - -1))?
2
Suppose v - 38 - 37 = -4*s, 0 = -5*s - 3*v + 99. Let i(r) = 5*r**3 + 5*r**2 - 4*r - 4. Let u be i(-6). What is the hundreds digit of s/63 + u/(-7)?
1
Let o(n) = -n**3 + 17*n**2 - 13*n + 14. Let w be o(16). Suppose 7*f - 32 = -11. Suppose -w - 13 = -f*d. What is the units digit of d?
5
Suppose 0 = -29*y - 86*y + 1942235. What is the hundreds digit of y?
8
Let i(m) = -397*m + 7384. What is the hundreds digit of i(0)?
3
Let k(p) be the first derivative of 3*p**2/2 + 23*p + 16. Let i be k(-6). Suppose i*z = -2*c + 812, 338 = 4*z - c - 309. What is the tens digit of z?
6
What is the thousands digit of (-23742)/(-5) - -2 - (-354)/590?
4
Let j be 3/((-15)/(-10) - 0). Let f be ((-2)/3*j)/((-19)/(-342)). What is the tens digit of (56/f - -4)/(1/24)?
4
Let b(i) = -29*i + 80. Let c be b(9). Let v = c + 487. What is the tens digit of v?
0
Let g = 329 + -327. Suppose x - 815 = 5*i + 255, i = g*x - 2167. What is the thousands digit of x?
1
Let a(v) = v**2 - 8*v - 6. Let u be a(9). Let o be 5 - ((-9)/u)/(-1). What is the tens digit of (5/o + -4)*-32?
4
Let q(c) = -c**2 + 15*c - 31. Let x be q(12). Let j be 53 - ((5 - x) + -3). What is the units digit of (7/(j/12))/((-1)/(-22))?
3
Let s be (-9)/(-12)*12*(-8 - 3). What is the hundreds digit of 951*(-3)/(-3) + s/(-33)?
9
Let t(k) = -10660*k + 986. What is the thousands digit of t(-4)?
3
Suppose 3*i - 223 = -0*i + 4*j, 0 = 2*i - j - 157. Suppose -i*u + 76*u = -745. What is the hundreds digit of u?
1
Suppose -5517 = -i - 4*y, -2*i + 10659 = -5*y - 427. What is the units digit of i?
3
Let t be (10/(-30))/(1/18). What is the tens digit of 1262 + 14*t/(-12)?
6
Suppose -7*p + 2*p - 9746 = -2*z, 0 = 3*z - 3*p - 14628. What is the tens digit of z?
7
Suppose 3*k + 3 = -5*u + 2*u, 5*u = -10. Let o be 5/(-50)*(k + -5)*1475. Suppose 6*z - 196 = o. What is the units digit of z?
1
Suppose -161*t + 558402 = -249448 + 236783. What is the tens digit of t?
4
Let f be (3 + -11)/((-2)/12). Let b(s) = 4*s**2 + 2*s - 82. Let r be b(-6). Let c = r - f. What is the units digit of c?
2
Let j = -18091 - -28489. What is the tens digit of j?
9
Suppose -7*j + 1846 = 6*j. Suppose 138*p - j*p + 1096 = 0. Suppose c - p = -b, -5*c = -2*b - 2*b - 1406. What is the units digit of c?
8
Suppose -6*g + 4*g - 3*j - 10 = 0, -2*g + j - 2 = 0. What is the tens digit of 170 - (g - -3 - 7)?
7
Let u(f) = -381*f + 10477. What is the tens digit of u(0)?
7
Let p = -1477 + 706. Let j = -366 - p. What is the tens digit of j?
0
Let w(r) = 204*r**2 + 49*r - 251. What is the tens digit of w(11)?
7
What is the thousands digit of (-4)/38 + (-7583425)/(-475) + 21?
5
Let j(p) = -p**3 - 7*p**2 - 52*p + 46. What is the tens digit of j(-24)?
8
Let f(v) = 6*v**3 - 15*v**2 + 8*v - 7. Let s(l) = -5*l**3 + 14*l**2 - 9*l + 7. Let m(c) = 6*f(c) + 7*s(c). What is the hundreds digit of m(-7)?
1
Suppose -5*o - 92 = -4*s + 8*s, 0 = -2*s + 2*o - 64. Let v be (-78)/(-91)*s/(-6). What is the hundreds digit of v - 0/2 - -131?
1
Let p be (-14 + 5 - 7)*(-21)/2. Let i = -3 - -5. Suppose 0 = -5*v + i*v + p. What is the units digit of v?
6
Let m(n) = -46*n - 357. Let s be m(-8). Suppose 0 = -24*a + s*a + 3861. What is the tens digit of a?
9
Let n(y) = 6*y**2 + 91*y + 2063. What is the tens digit of n(-30)?
3
Suppose 0 = -7*z + 1334 + 528. Suppose r + 4*s - z = 0, 2*r + s - 542 = -2*s. What is the units digit of r?
4
Let y(p) = 7*p + 7. Let w be y(-1). Let m(q) = -25*q + 253. What is the units digit of m(w)?
3
Let q(v) = -v**3 + 23*v**2 + 26*v - 13. Let r be (-36 - -13)/(-2 - 1/(-1)). What is the tens digit of q(r)?
8
Let g(u) = 5*u + 167. Let v be g(-34). What is the hundreds digit of 65368/76 - ((-18)/57)/v?
8
Suppose 0 = 5*h - 3074 - 66326. What is the ten thousands digit of h?
1
Let l be ((-72)/8 - -896)/(-1 + 2). Let o = 1518 - l. What is the hundreds digit of o?
6
Let m(n) = -15*n + 63. Suppose -c - 3*a - 33 = 0, -5*c - a - 68 - 27 = 0. What is the tens digit of m(c)?
3
Let j = -65 - -68. Let y be 2*j/18*12. Suppose -o = -t + 20, -3*o - 62 = -y*t + 15. What is the tens digit of t?
1
Suppose 5*y - 26 = -26. Suppose y*f - 3*f + 408 = g, -2*g + 546 = 4*f. What is the hundreds digit of f?
1
Let m be ((-3)/((-18)/(-4)))/((-66)/422235). Suppose 12*q + 329 - m = 0. What is the hundreds digit of q?
3
Suppose 62824 = -22*t + 1148612. What is the tens digit of t?
5
Suppose 0 = 16484*b - 16463*b - 256242. What is the thousands digit of b?
2
Suppose 3*y - 5*s - 11 = 53, -5*s - 28 = -y. Suppose -2*k - 4*b = -y, -5*k + 3*b + 4 = -2. Suppose 755 = -k*g + 8*g. What is the units digit of g?
1
Suppose b - 14 = 3*l, 0 = b - 0*l - 2*l - 15. Let n(y) = -b*y + 5*y**2 + 40*y - 18*y - 13*y - 1. What is the units digit of n(-5)?
4
Let f = 232 - 196. Let h(j) = j + 56. What is the units digit of h(f)?
2
Let s be 1 - (38*-1)/(2/91). What is the tens digit of s/90*3 - 1/(-3)?
5
Suppose 3*y = 7*j - 8*j + 2527, j - 2527 = y. Suppose -j = -7*o + 3927. What is the hundreds digit of o?
9
Let x = 17 - 90. Let h = 109 - x. What is the units digit of h?
2
What is the ten thousands digit of 2 + -11 + (-8 - -16381) + 4?
1
Suppose -45*z + 80 = -35*z. Suppose z*b - 35 = -19. What is the units digit of b?
2
Suppose -2*t - 4*j - 48 = 0, -48 = 2*t - 5*j + j. What is the hundreds digit of (5984/t)/((-4)/6)?
3
Let z(i) = 28*i - 25. Let f(v) = -25*v + 23. Let a(p) = -2*f(p) - 3*z(p). Suppose -2*k + 4*k + 19 = r, 0 = 5*k - 4*r + 55. What is the tens digit of a(k)?
6
Let k be -7 + (-7 - (5 - 40)). What is the units digit of 492*5/(70/k)?
8
Let b = -4162 + 8374. Suppose -n = 26*n - b. What is the units digit of n?
6
Suppose -71*r + 12330 = -53*r. What is the tens digit of r?
8
Let k(o) = 47588*o**2 - 690*o + 689. What is the tens digit of k(1)?
8
Suppose -5*z = 2*v - 19970, -39*z - 2*v = -42*z + 11966. What is the tens digit of z?
9
Let n be -6 + (16 - (1 + 5)). Suppose -4*w + 5 = -7, 466 = n*x + 2*w. What is the hundreds digit of x?
1
Let a(q) = q**3 - 7*q**2 - 2*q + 7. Let w be a(5). Let x = 57 + w. What is the hundreds digit of 2*(-4 + 330/x)?
1
Let k(w) = -w**3 - 8*w**2 + w + 17. Let b be k(-5). Let d = b + -59. Let j = d - -155. What is the tens digit of j?
3
Suppose 0 = -2*n + 3*x + 170828, 34*n + 170828 = 36*n - 5*x. What is the thousands digit of n?
5
Let t = 125720 + -74684. What is the units digit of t?
6
Let b = -661 - -569. What is the tens digit of (1229/4)/((-23)/b)?
2
Suppose 6*g - 17*g + 69010 = -86750. What is the thousands digit of g?
4
Let d = -1450 - -2831. What is the tens digit of d?
8
Suppose 2*d + 9 = 3*o + 3, 0 = 5*d. Suppose -1250 = -o*a - 3*a. Suppose 730 = 10*y - a. What is the tens digit of y?
9
Let b be 2 - 6/9*(-12)/8. Suppose 2*v - 1654 = -0*v + j, -5*v + 4135 = -b*j. What is the hundreds digit of v?
8
Let p be ((-8)/4 - (-1 + -1)) + -96. Let n = -74 - p. Let s = 106 + n. What is the hundreds digit of s?
1
Suppose 0 = w + 25 - 21, -5*c - 11 = 4*w. What is the tens digit of (15/c)/((-136)/(-26) + -5)?
6
Let l = 12695 - 7186. What is the thousa